
Is 217 a factor of 33854046?
False
Does 776 divide 362836648?
True
Is 13420 a factor of 633389454?
False
Is 3932 a factor of 73231444?
False
Is 36900532 a multiple of 196?
False
Is 243 a factor of 388239642?
True
Is 1458 a factor of 818193023?
False
Is 12 a factor of 828775464?
True
Does 97 divide 1934134798?
True
Does 1653 divide 331509150?
True
Does 4 divide 1390804075?
False
Is 925 a factor of 68332589?
False
Is 64720152 a multiple of 846?
False
Is 231613326 a multiple of 21?
True
Does 361 divide 141339529?
False
Is 4307 a factor of 1873114300?
True
Is 5470789719 a multiple of 2720?
False
Does 21 divide 212457899?
False
Is 2772 a factor of 334042632?
True
Is 135860160 a multiple of 4110?
True
Does 4 divide 1477936?
True
Is 54660627 a multiple of 49?
True
Is 13 a factor of 2080482361?
False
Does 36 divide 11830754?
False
Is 1187 a factor of 303020921?
True
Is 16031722 a multiple of 7?
True
Is 53 a factor of 2442062397?
True
Is 97 a factor of 685165474?
False
Is 960900864 a multiple of 1232?
True
Does 286 divide 89583780?
True
Is 225 a factor of 2462522930?
False
Does 10 divide 1249855?
False
Does 302 divide 3040838?
True
Does 1031 divide 255526133?
True
Is 73 a factor of 32755126?
False
Is 447 a factor of 41808506?
False
Is 551705287 a multiple of 62?
False
Does 1752 divide 451763712?
True
Does 8 divide 137892208?
True
Is 1945 a factor of 623823740?
True
Is 2 a factor of 8236452?
True
Is 80101274 a multiple of 125?
False
Does 22 divide 1247533?
False
Is 6 a factor of 1237272552?
True
Is 190 a factor of 8467730?
True
Is 373 a factor of 799943308?
False
Is 317323626 a multiple of 35?
False
Does 67 divide 1151088670?
False
Is 221488938 a multiple of 26?
False
Is 134334780 a multiple of 75?
False
Is 55 a factor of 19652523?
False
Is 2384 a factor of 125320844?
False
Is 196862875 a multiple of 815?
False
Does 20 divide 2657006151?
False
Is 1477288152 a multiple of 1387?
True
Does 145 divide 314362802?
False
Is 53 a factor of 33468122?
True
Is 35766084 a multiple of 44?
False
Is 7 a factor of 245911611?
False
Is 27307830 a multiple of 415?
True
Does 65 divide 16940450?
False
Does 2 divide 70092897?
False
Is 35905975 a multiple of 1225?
True
Does 46 divide 83111394?
False
Is 3573344 a multiple of 3446?
False
Is 951790 a multiple of 43?
False
Does 205 divide 126463246?
False
Is 3962 a factor of 504176412?
False
Is 490 a factor of 42024961?
False
Does 3 divide 25889863?
False
Is 280881292 a multiple of 1154?
True
Is 3142634469 a multiple of 8472?
False
Is 15251584 a multiple of 64?
True
Is 3947 a factor of 78032190?
True
Does 18 divide 6079544?
False
Does 319 divide 168860736?
True
Is 690 a factor of 81068790?
True
Is 23 a factor of 493476224?
True
Does 14 divide 54930845?
False
Is 7 a factor of 1244118708?
True
Is 4 a factor of 5026104?
True
Does 2287 divide 108338959?
False
Does 5 divide 18562685?
True
Does 8 divide 1257979286?
False
Is 56854512 a multiple of 72?
True
Is 13 a factor of 318972602?
True
Is 389 a factor of 86001588?
False
Is 10135450 a multiple of 2515?
True
Does 11 divide 18918631?
False
Is 68503961 a multiple of 86?
False
Is 1551287427 a multiple of 27?
False
Is 21824595 a multiple of 463?
False
Is 322110119 a multiple of 5652?
False
Is 902 a factor of 160311558?
True
Does 362 divide 368353462?
True
Is 3816137 a multiple of 16?
False
Does 953 divide 230797540?
True
Is 12 a factor of 976833276?
True
Does 38 divide 399342?
True
Does 26 divide 1219470616?
True
Is 16 a factor of 134024810?
False
Is 146 a factor of 29170508?
True
Is 8248944 a multiple of 17?
True
Is 598 a factor of 5340116?
False
Is 630861 a multiple of 30?
False
Does 789 divide 1940898972?
True
Is 9406 a factor of 2078796517?
False
Is 6410838 a multiple of 17?
False
Is 52765353 a multiple of 9?
True
Does 7 divide 381610860?
False
Is 7 a factor of 19935085?
False
Is 1536 a factor of 456070469?
False
Is 90753302 a multiple of 92?
False
Does 358 divide 254109116?
True
Is 189275063 a multiple of 2279?
False
Does 433 divide 53235185?
True
Does 1994 divide 1302246657?
False
Is 336 a factor of 92991024?
True
Is 711033422 a multiple of 583?
False
Is 116 a factor of 749169644?
True
Is 225212389 a multiple of 7049?
False
Does 10 divide 148398610?
True
Is 8930835 a multiple of 601?
False
Does 317 divide 8522900?
False
Is 4526 a factor of 75760714?
True
Does 31 divide 157954951?
True
Does 563 divide 331939233?
False
Is 96 a factor of 257969664?
True
Is 19 a factor of 210540813?
False
Does 22 divide 1089979785?
False
Does 13 divide 59836400?
True
Is 38 a factor of 5260164816?
False
Does 40 divide 38983388?
False
Is 46 a factor of 228451778?
True
Is 146527816 a multiple of 1231?
False
Is 4014 a factor of 2954304?
True
Is 2134930594 a multiple of 2062?
False
Is 881 a factor of 250945758?
False
Is 73 a factor of 258144790?
True
Is 14 a factor of 2918967142?
True
Does 3011 divide 2691484724?
True
Is 90 a factor of 482696034?
False
Is 450 a factor of 3087459945?
False
Is 143229982 a multiple of 401?
True
Is 199618479 a multiple of 1618?
False
Is 679055128 a multiple of 355?
False
Is 23439029 a multiple of 224?
False
Does 3656 divide 51292142?
False
Is 1764247 a multiple of 89?
True
Is 187057282 a multiple of 87?
False
Is 16 a factor of 9174159?
False
Is 30154730 a multiple of 21?
False
Is 575205926 a multiple of 5141?
True
Is 11 a factor of 177952933?
False
Does 87 divide 136252475?
False
Is 12125304 a multiple of 10?
False
Is 23084958 a multiple of 316?
False
Is 211 a factor of 819524?
True
Is 99793260 a multiple of 28?
True
Is 299688726 a multiple of 58?
True
Is 177778129 a multiple of 17?
True
Does 2482 divide 131828948?
True
Does 197 divide 719427649?
True
Is 234 a factor of 83951119?
False
Does 1215 divide 672518158?
False
Is 1275876286 a multiple of 667?
True
Is 26617373 a multiple of 16?
False
Is 260064 a multiple of 43?
True
Does 477 divide 309674601?
True
Is 2394946611 a multiple of 232?
False
Is 1626693520 a multiple of 40?
True
Is 46296598 a multiple of 22?
False
Is 26 a factor of 33973056?
True
Is 87 a factor of 4552994838?
True
Does 4 divide 43653074?
False
Is 4 a factor of 88118520?
True
Is 58800379 a multiple of 53?
False
Does 27 divide 36954603?
True
Is 3310550993 a multiple of 446?
False
Is 5908848 a multiple of 88?
True
Is 792 a factor of 579602610?
False
Does 659 divide 531615193?
False
Is 55 a factor of 3563138741?
False
Does 18 divide 471530551?
False
Is 476997840 a multiple of 88?
True
Is 155935704 a multiple of 1853?
False
Is 32 a factor of 563718?
False
Does 2 divide 24614838?
True
Is 258 a factor of 34308840?
True
Does 4 divide 92696712?
True
Is 56 a factor of 1462422584?
True
Is 34559225 a multiple of 548?
False
Is 3568880859 a multiple of 78?
False
Is 1612219248 a multiple of 80?
False
Does 29 divide 2023310?
False
Does 24 divide 65375970?
False
Does 484 divide 911030791?
False
Is 344840652 a multiple of 6962?
False
Does 121 divide 586111537?
True
Is 130 a factor of 4606160?
True
Is 22098357 a multiple of 21?
False
Is 310941743 a multiple of 125?
False
Is 27899381 a multiple of 760?
False
Does 9 divide 8253549?
True
Does 19 divide 113694285?
False
Does 56 divide 9085941?
False
Is 75 a factor of 49801538?
False
Is 224949009 a multiple of 29?
False
Is 6 a factor of 194888796?
True
Is 4587 a factor of 670559471?
False
Does 66 divide 29839722?
True
Is 183 a factor of 18736053?
False
Is 69 a factor of 19784845?
False
Does 79 divide 743849490?
False
Does 36 divide 1229910264?
True
Is 58 a factor of 435767818?
False
Is 1021 a factor of 194845656?
False
Is 69026690 a multiple of 15?
False
Does 210 divide 3884547?
False
Is 595760035 a multiple of 7471?
False
Is 17582363 a multiple of 10?
False
Is 37872524 a multiple of 557?
False
Does 117 divide 2768688?
True
Does 257 divide 18338492?
True
Does 654 divide 67892394?
True
Does 91 divide 5750836?
True
Does 206 divide 92186178?
False
Is 1026 a factor of 1101364709?
False
Is 1894467 a multiple of 1693?
True
Is 10 a factor of 1247022697?
False
Does 62 divide 611203006?
True
Is 57318596 a multiple of 1312?
False
Does 289 divide 1017483223?
False
Is 477 a factor of 1297554846?
False
Is 2404302 a multiple of 129?
True
Is 9 a factor of 1658289915?
True
Does 22 divide 767401162?
True
Is 116816820 a multiple of 60?
True
Is 73